. Let q(v) = 2*i(v) + 3*u(v). Suppose 8*x + 36 = -4. What is q(x)?
-2
Let i = 45 - 53. Let p be 11/(396/i) + (-2)/(-9). Let y(q) = q**3 + 8. What is y(p)?
8
Let a(g) = -g**2 + 3*g + 1. Suppose -23 = 7*h - 51. Suppose -3*q - 2*r = -11, 6*r - 4*r = -h. Give a(q).
-9
Let v(t) = t**2 + 7*t - 18. Let z be v(-10). Let o(f) = f**3 - 11*f**2 - 11*f - 17. Let l be o(z). Let k(a) = -a - 3. Calculate k(l).
2
Let g(a) = 3*a**2 + 6*a - 2. Let s(n) = 4*n**2 + 6*n - 3. Let t be 1/4 + (-17)/4. Let b = -2 - -7. Let k(c) = b*g(c) + t*s(c). Calculate k(5).
7
Let c(i) be the third derivative of i**6/120 - i**5/30 - i**4/8 - i**3/3 + 4*i**2. Let d be ((-10)/(-3))/((-1)/3). Let t = d - -13. Calculate c(t).
-2
Let h(s) = -18*s - 25. Let u be h(6). Let c be (-703)/u - -2*2/(-14). Let a(r) = r**3 - 4*r**2 - 2*r - 7. Determine a(c).
8
Suppose 39*r - 35*r - 4 = 0. Let c(v) = 13*v**3 + 6*v**2 + 1. Let z(q) = -14*q**3 - 7*q**2 - 1. Let f(a) = -7*c(a) - 6*z(a). What is f(r)?
-8
Let l(o) = o**3 - 6*o**2 - 4*o + 8. Let i be (3 + (-11 - -4))/((-8)/12). Calculate l(i).
-16
Let b(i) be the third derivative of i**5/60 - i**4/6 + 2*i**3/3 - 17*i**2. Let m = -7 + 12. Let f = 10 - m. Calculate b(f).
9
Suppose 2*q - 17 = z + 4*z, -4*q + 5*z = -29. Suppose 5*l - 5 = -5*m, 3*l - 4*m = -8 + 18. Let p(r) = 6*r - 4*r**2 - 8 + 3*r**l + 4. Give p(q).
-4
Suppose 0 = -12*k + 115 - 19. Let b(f) = -k - f + 5 + 0*f. Let h(i) = -i - 2. Let r be h(-6). Give b(r).
-7
Let w(c) = -c**3 + 3*c**2 - 4*c + 4. Let g be 76/10 + 15/(-25). Suppose m - 3*l + l = -g, -9 = 2*m - 3*l. Give w(m).
-8
Let d(y) be the second derivative of -y**5/30 - 5*y**4/24 + 2*y**3/3 + 13*y**2/2 - 2*y. Let n(g) be the first derivative of d(g). Give n(-4).
-8
Let w(h) be the third derivative of h**5/60 - h**4/6 + h**3/6 - 4*h**2 + 28. Determine w(5).
6
Let u = 21 - 21. Let s(t) = u*t**2 + 3*t**2 - 4*t**2 - t. Calculate s(-3).
-6
Let d(o) = 6*o**2 - 7*o - 1. Let h(t) be the third derivative of -17*t**5/60 + 5*t**4/6 + t**3/2 - 8*t**2. Let b(f) = -11*d(f) - 4*h(f). Determine b(-2).
13
Let s = -3 + 0. Let a be s/(-9) - 8/6. Let d(q) be the third derivative of -q**4/24 + q**3/6 - 9*q**2. Calculate d(a).
2
Let v(k) be the second derivative of k**7/2520 + k**6/90 + k**5/15 - 37*k**4/12 + 3*k. Let s(j) be the third derivative of v(j). Give s(-7).
1
Suppose 65 = 3*g + 59. Let i = 8 + -5. Let q(p) = 3*p**3 - 5*p**3 + p**2 + 2 - p + p**i. Determine q(g).
-4
Let d(o) = -3*o**2 + 3*o - 2. Suppose 16*r - 11*r - 15 = 0. What is d(r)?
-20
Let i be (-90)/9*(-1 + 18/(-10)). Suppose 3*w = -w - 4*h + i, 5*h = 2*w. Let g(p) = -p**2 + 5*p - 7. What is g(w)?
-7
Let r(u) = -6*u**2 + 3*u - 17. Let l(w) = 17*w**2 - 9*w + 47. Let d(z) = 4*l(z) + 11*r(z). Determine d(5).
36
Let h(o) be the third derivative of o**6/120 + o**5/10 - 5*o**4/8 + 2*o**3 - 1080*o**2. Give h(-8).
4
Let c(l) = 3*l**2 + 4*l + 3. Let r = 7 + -10. Let q be 14/6 + r/9. Suppose 0 = -5*f - 2*s - q, 2*s - 1 - 5 = -f. What is c(f)?
7
Let z(o) = -4*o + 69. Suppose -56*q + 80 + 984 = 0. Give z(q).
-7
Let u(i) = -4*i - 2. Let h(l) = -l**3 + 16*l**2 - 29*l + 9. Let t be h(14). Calculate u(t).
18
Let g(y) = 236*y + 2 + 244*y - 485*y - 2*y**2. Give g(-4).
-10
Let c(j) = -j**3 + 6*j**2 + 6*j - 2. Suppose a - 7*q + 10*q = 1, 5*a + 2*q = 31. Calculate c(a).
-9
Let g(p) = -p + 8. Let o = -25 - -27. Suppose 2*m - 7*m - 55 = -5*b, 3*m = o*b - 27. Calculate g(b).
2
Let i(m) = -m + 11. Let t(a) = -a**3 - 4*a**2 - 5*a - 10. Let y be t(-4). Calculate i(y).
1
Let b(q) = q**2 + 5*q - 1. Suppose 0 = -3*c - 3, -5*u - c + 0*c - 11 = 0. Let y be (-100)/10*u/(-5). Give b(y).
-5
Let k be (2 - (-3 + -4))*-2. Let q = -16 - k. Let f(z) = -z**3 + 2*z**2 - 1 - q*z - 8*z**2 + 0*z**3. What is f(-6)?
11
Let t(r) = -13 + 0*r + 7 - 5*r + 0*r. Calculate t(-6).
24
Let o(f) = -11*f**2 + 8*f + 13. Let c(s) = 13*s**2 - 9*s - 15. Let u(r) = 5*c(r) + 6*o(r). Let x be 2/((-4)/(-14)) + -2. Determine u(x).
-7
Let k(f) be the second derivative of -f**2 + 23*f + 1/3*f**3 + 1 - 1/20*f**5 + 1/4*f**4. Give k(4).
-10
Let f(c) = -c**2 - c - 3. Let w = 970 + -970. Calculate f(w).
-3
Let r(k) = k - 6. Suppose 2*n = 4*n. Suppose 44 - 36 = 4*f. Suppose n = -p + 7 - f. Determine r(p).
-1
Let y(i) = -i - 2. Let l be y(-2). Suppose l*d = d - 54. Let n be 2/(-10) - d/(-45). Let t(b) = -6*b + 1. Determine t(n).
-5
Let b(y) = -y**2 - 6*y - 1. Suppose 76*u + 40 = 68*u. Give b(u).
4
Suppose 21*v = 16*v + 55. Let y = v - 14. Let m(c) be the third derivative of -5*c**4/24 + c**3/6 - 3*c**2. Give m(y).
16
Let r(y) = -2*y + 23. Let p = 36 + -28. Let x be r(p). Let u(f) = -f**2 + 8*f + 1. What is u(x)?
8
Let w(q) be the second derivative of q**6/360 + 7*q**3/6 - 13*q. Let v(s) be the second derivative of w(s). Give v(2).
4
Let g(l) = l**2 + 9*l - 6. Let f be g(-10). Let a = f - 2. Let m(u) = -5 - 2*u + 4 - 2*u + 9*u + u**a. Determine m(-6).
5
Let d = 259 + -264. Let t(s) = s**3 + 6*s**2 + 5. What is t(d)?
30
Let q(p) = -11*p - 2. Let o(s) = 9*s + 3. Let w(m) = 6*o(m) + 5*q(m). Determine w(-6).
14
Let a(i) be the second derivative of -1/3*i**3 - 1/12*i**4 - 8*i + 2*i**2 + 0. Give a(-3).
1
Let h be (-3)/15*(-12 + -3). Let j(v) = -3*v + 3 + h - 5. Determine j(-1).
4
Suppose -m + 5 = 4*m, 5*m = -5*l + 20. Let o(z) = 49*z**3 + 6*z**2 - 29*z**l - 19*z**3 - 1. Give o(-6).
-1
Let j(l) = -10*l - 3. Let u = -1391 - -1386. What is j(u)?
47
Suppose 3*y = -y - 8. Let d = -8 + 11. Let q(l) = -l**3 + l**d - 3 + l - 2*l**3 + 1. Determine q(y).
12
Suppose 0 = w + 6 - 1. Let q(m) = -5*m - 6. Let g(n) = -2*n - 2. Suppose -f - 7 + 15 = 0. Let v(i) = f*g(i) - 3*q(i). What is v(w)?
7
Let s(p) = p**3 - 5*p**2 + p - 1. Suppose m = -h + 18, 3 = h - 3*m - 3. Suppose l = -z - z + h, -5 = 2*z - 3*l. What is s(z)?
4
Let m(y) = -1 + 0 + 14*y + 21*y - 36*y. Suppose 2*a - 12 = -2*a. What is m(a)?
-4
Let o(v) be the third derivative of -v**6/120 + v**5/20 + v**4/3 + 2*v**3/3 - 82*v**2. Determine o(5).
-6
Let b(z) = -5 - 1 + 30*z + z**2 - 5*z - 21*z. What is b(-8)?
26
Let d(c) = 9*c**3 + c**2 - 58153*c + 58153*c. Let i = -1 - -2. What is d(i)?
10
Let y(d) = -d**3 + 4*d**2 + 5*d. Let i(k) = k**2 + 7*k - 14. Let u be i(-7). Let c = u - -13. Let x be -3 + c + 5 + 4. Give y(x).
0
Let j(m) = -m**3 + 3*m + 1. Suppose 6 - 16 = -2*u. Suppose -a - 9 = -2*b + 6*b, 5*b + u*a + 30 = 0. Let n(z) = -z**2 + 3*z + 2. Let k be n(b). What is j(k)?
3
Let x(k) = 12*k - 1. Let c(r) = r - 16. Let p(f) = f - 8. Let m(y) = 2*c(y) - 5*p(y). Let t be m(2). Give x(t).
23
Let m(x) = x**3 + 7*x**2 + 8*x + 5. Suppose 2*d + 21 = -5*f - 11, 3*f + 5*d = -23. What is m(f)?
-7
Let x(s) = 3*s**2 + 7*s. Let v(z) = -z**2 - 2*z. Let o(j) = 8*v(j) + 3*x(j). Let g be (-4)/(8/(-12)*3). Let a be -10 - -6 - (g + -1). Determine o(a).
0
Suppose -3*o - 6 = 2*v, -4*o = -4*v - 7*o. Let k(m) = 13*m - 12. Let w(i) = -i + 1. Let l(g) = -4*k(g) - 44*w(g). Give l(v).
-20
Let j(x) = -x - 5. Let s = 83 + -83. Determine j(s).
-5
Let c = 4 - 2. Let o(i) = 2*i - 5*i - 3 + 4*i. Let p(w) = -6*w + 16. Let q(r) = c*p(r) + 11*o(r). Calculate q(4).
-5
Let b(v) = 3*v + 43*v**3 + 11*v - 9*v**2 - 3 - 14*v**3 - 15*v**3 - 15*v**3. Determine b(-10).
-43
Let p(d) be the first derivative of 10*d + 4 - 1/12*d**4 + 3/2*d**2 + 0*d**3. Let g(y) be the first derivative of p(y). Determine g(0).
3
Let z(n) = 2*n**2 + 2*n - 2. Suppose -s = 3*w - 6*w - 59, 0 = 2*w - 3*s + 30. Let p = 18 + w. What is z(p)?
10
Let q(h) = 11 - 9 + 19 + 21*h + 22 - h**2. Let l be q(23). Let o(p) = -p**3 - p**2 + p + 2. Give o(l).
17
Let h(a) = a - 4. Let j be h(0). Let i(n) be the third derivative of -n**4/12 - 2*n**3/3 + 19*n**2. What is i(j)?
4
Let k(n) = -85 - 10*n**2 + 4*n**2 + 86. What is k(-1)?
-5
Let a be 7/21 - (258/18 - 5). Let w(s) = -s**3 - 10*s**2 - 7*s + 12. What is w(a)?
-6
Let z(m) = -m + 1. Let c be z(1). Let h(n) = -46 + 134 - n - 80. Determine h(c).
8
Let g(b) be the third derivative of -b**5/12 + 5*b**4/6 - 4*b**3/3 - 199*b**2 + 1. Determine g(4).
-8
Let v(w) = -w**3 + 3*w**2 - 1. Let h be v(2). Let k(m) = 2*m - 4. Let j be k(h). Let y(s) = 3*s - 2*s**2 + s**j - 1 - 2. Give y(2).
-1
Suppose 23*w - 22*w + 5 = 0. Let v(f) = -4*f - 15. Calculate v(w).
5
Let o(u) = -3*u**3 + 38*u**2 + 16*u - 36. Let s be o(13). Let j(r) = 2*r - 2*r + 2 - 4*r. What is j(s)?
-10
Suppose -4